s the remainder when l is divided by 20?
18
Suppose 9 = a + 1. Suppose 3*p - 73 = -5*b + 2*p, -36 = -2*b + 3*p. What is the remainder when b is divided by a?
7
Calculate the remainder when ((-4)/(-7))/(10/1015) is divided by 12.
10
Suppose -4*p = -7*p - 36. Suppose -2*b = -b. What is the remainder when 34 is divided by (p - 0)*(b + -1)?
10
Let d be (-110)/30 + (-2)/(-3). Let u = 8 + d. Calculate the remainder when 14 is divided by u.
4
Let w = -62 + 90. Calculate the remainder when w is divided by 6.
4
Suppose 2*n = 4*n. Suppose 57 = 3*r - n*r. Calculate the remainder when r is divided by 11.
8
Let t = 80 - 31. Calculate the remainder when t is divided by 18.
13
Suppose 5*h + 0*c = -3*c + 84, -4*c = 5*h - 87. What is the remainder when (-2)/5 + 294/10 is divided by h?
14
Let q be (-11)/(-2) + (-2)/4. Suppose -3*x + x = -q*n - 6, 4*x = n + 12. What is the remainder when 5 is divided by x?
2
Let q be 8/6 + (-4)/(-6). Suppose 73 = q*g - 11. What is the remainder when g is divided by 1 + (0 - -10) + 0?
9
What is the remainder when 8/44 - (-108)/11 is divided by 4?
2
Suppose 0 = -g + 5*g - 476. Calculate the remainder when g is divided by 12.
11
Suppose -3*r = -y - 6, 0*y = -5*r - 3*y + 10. Calculate the remainder when 50 is divided by 18 - (r + 0) - -1.
16
Suppose 248 = 4*b - 296. Suppose -5*c = -b - 114. Calculate the remainder when c is divided by 17.
16
Let t(b) = 38*b**3. Let d(u) = 8*u - 3. What is the remainder when t(1) is divided by d(2)?
12
Suppose -6 = -3*p, a + 44 = 2*a + 3*p. Suppose 5*d = -2*m + a, -3*m - 35 = -2*d - 2*d. Calculate the remainder when 30 is divided by d.
6
Let q(j) = -2*j**2 - 4*j - 3. Let i be q(7). Let y = i + 199. Calculate the remainder when y is divided by 18.
16
What is the remainder when (-76)/3*(-12)/8 is divided by 20?
18
Let d = -85 + 129. Let j = -30 + d. Calculate the remainder when 10/10 + (-24)/(-1) is divided by j.
11
Let s(o) = -9*o + 13. Calculate the remainder when s(-6) is divided by 17.
16
Suppose 5*x + 9 = l, -2*l - 2*x - 3*x + 33 = 0. Calculate the remainder when 26 is divided by l.
12
Let q be ((-32)/(-80))/((-2)/(-230)). Suppose 2*s = s + q. What is the remainder when s is divided by 16?
14
Let y(t) = -25*t**3 + 3*t**2 + 4*t + 3. Let k be y(-2). Let f = -141 + k. Suppose b = -b + f. Calculate the remainder when b is divided by 17.
16
Let d = -6 + 16. Let y(z) = -z**3 + 10*z**2 - z + 1. Let s be y(d). What is the remainder when (14/(-3))/(1/s) is divided by 22?
20
Let k = -3 + 18. Suppose k - 31 = -2*f. Calculate the remainder when f is divided by 3.
2
Let k(t) = 6*t**2 + t - 1. What is the remainder when -32*(-2)/1 - (-6)/(-3) is divided by k(-2)?
20
Let i(w) = -w**3 - 3*w**2 + 4*w + 3. Let a = 1 - -2. Suppose 2*h - a*h = -9. What is the remainder when h is divided by i(-4)?
0
Let b(r) = r**2 - r + 19. Let q(h) = h**2 + 10*h - 13. Calculate the remainder when b(0) is divided by q(-12).
8
Let v(u) = 2 - 3 - 1 + 2*u. Suppose 0 = -13*m + 9*m + 16. Calculate the remainder when m is divided by v(2).
0
Let j(d) = 2*d**2 - d + 12. What is the remainder when j(-4) is divided by 13?
9
Let q(f) = 14*f - 2. Suppose 5*z + 0*z - 15 = 0. Suppose -z*y + 54 = -4*h, -y - 3*h = -4 - 1. Calculate the remainder when q(2) is divided by y.
12
Let z = -13 - -15. Calculate the remainder when 66/18 - z/3 is divided by 3.
0
Let m(h) = 2*h - 7. What is the remainder when (-12)/(-4) - (0 + -1) is divided by m(5)?
1
Let z = 6 + -6. Let l(h) = -h**2 + 5. Let s be l(z). What is the remainder when 126/4 - s/(-10) is divided by 17?
15
Let w be (-3)/9 - (-20)/6. Let j be 0 + w*(-3 + 4). Suppose 42 = -z + j*z. What is the remainder when z is divided by 11?
10
Let r(n) = -5*n + 13. Let b(v) = 14*v - 38. Let z(u) = -6*b(u) - 17*r(u). What is the remainder when 8 is divided by z(-4)?
2
Suppose 2*z - z - 44 = -5*v, 5 = -v. Let r be (-2115)/75 + 2/10. Let q = z + r. What is the remainder when q is divided by 14?
13
Let g = 9 + 6. What is the remainder when 54 is divided by g?
9
Let p(j) be the third derivative of j**6/120 - j**5/15 - j**4/24 + j**3/3 - 4*j**2. Let f be p(4). What is the remainder when 19 is divided by 736/72 + f/9?
9
Suppose 11*m = 6*m - 2*k + 15, -4*m - 4*k = 0. Let t = 8 - -1. Suppose -4*h + 3*j = 2*j - t, -6 = h - 3*j. What is the remainder when m is divided by h?
2
Suppose -45 + 61 = w. What is the remainder when 62 is divided by w?
14
Calculate the remainder when 1*15 - 0/(-3) is divided by 9.
6
Let g be (-12)/(-2) + (-1 - 1). Suppose 22 + 30 = g*k. Let b = -35 - -72. Calculate the remainder when b is divided by k.
11
Let z = -42 - -108. Calculate the remainder when z is divided by 17.
15
Let n(k) = k**2 - 2*k + 67. Calculate the remainder when n(0) is divided by 34.
33
Let u(f) = -f**3 + 7*f**2 + 9*f - 3. What is the remainder when 5 is divided by u(8)?
0
Let i = -33 + 61. Let h = -17 + i. Let r(s) = 2*s**2 - s - 5. What is the remainder when r(-4) is divided by h?
9
Suppose -6*t = -2*t - 12. Suppose 2*x = 0, 7*w - 3*x - 15 = 4*w. What is the remainder when w is divided by t?
2
Suppose -21*x = -7*x - 798. Calculate the remainder when x is divided by 20.
17
Suppose -1 + 6 = -r. Suppose 5*g = 24 + 71. What is the remainder when (4/(-10))/(r/450) is divided by g?
17
Let m = 57 - 41. Calculate the remainder when 46 is divided by m.
14
Suppose f - 2*o + 0*o = 172, 0 = 5*o. Suppose -5*a + f = -178. Calculate the remainder when a is divided by 18.
16
Let y = -12 - -31. What is the remainder when 56 is divided by y?
18
Let l = -11 + 36. What is the remainder when 98 is divided by l?
23
Suppose 0 = 2*i - 5*w - 23, -6*w = -2*i - 3*w + 17. Suppose -55 = -i*b - b. What is the remainder when 21 is divided by b?
10
Let q(x) = x**2 + x - 12. Calculate the remainder when 13 is divided by q(-5).
5
Let y = 26 - 13. Let w(g) = -g**3 - 4*g**2. Suppose -5*a - 4*u - 45 = 0, 0 = 5*a - 3*u - 0*u + 10. Calculate the remainder when w(a) is divided by y.
12
What is the remainder when (-137 - 2)*(-12)/12 is divided by 20?
19
Let u(j) = -j**3 + j**2 + 6. Let v be (-20)/(-15)*(-6)/(-4). What is the remainder when 3/v*32/3 is divided by u(0)?
4
What is the remainder when 15/10*(-348)/(-9) is divided by 12?
10
What is the remainder when 40/10 - (-2 + -102) is divided by 11?
9
Let n be 1*(0 - (4 + 1)). Let c be 1 + (0 - n) - 0. Calculate the remainder when 4 is divided by ((-1)/3)/((-1)/c).
0
Suppose 56 = 5*h + 1. Calculate the remainder when 29 is divided by h.
7
Let v = 73 - 52. What is the remainder when 82 is divided by v?
19
Let w(v) be the first derivative of v**3/3 + 3*v**2 + 10*v - 2. Suppose -3 - 5 = l. Calculate the remainder when w(l) is divided by 9.
8
Let d(v) = v**3 + v**2 + v. Let p(o) = o**2 + o - 1. Calculate the remainder when p(6) is divided by d(2).
13
Let g be 7 + 1/(3/(-9)). Let s = 62 - g. Calculate the remainder when s is divided by 12.
10
Let t = -17 + 29. Let x(b) = b**3 + 7*b**2 - b + 16. What is the remainder when x(-7) is divided by t?
11
Calculate the remainder when 66 is divided by (494/(-39))/(4/(-6)*1).
9
Suppose 2*g = -v + 5*v + 90, -v + 1 = 0. Let y = g - 31. Let j = -10 + y. Calculate the remainder when 11 is divided by j.
5
Suppose -15 = -3*v - 0. Suppose -3*k = -2*b + 71, 3*b - k - 109 = 4*k. Suppose 0*n = -2*n + b. What is the remainder when n is divided by v?
4
What is the remainder when (-24)/(-6) + 2 + 4 is divided by 5?
0
Suppose 0 = -2*o + 292 - 28. Suppose 0 = -0*v - 4*v + o. Let p = 22 + -13. What is the remainder when v is divided by p?
6
Suppose 6*q = 2*q - 3*o + 48, q + 4*o = -1. Calculate the remainder when (189/6)/(6/8) is divided by q.
12
Let r be 194*(3/2)/3. Suppose r = 3*n - 17. Let a(p) = 2*p**3 - p - 1. What is the remainder when n is divided by a(2)?
12
Let i be ((-1)/(-2) + -2)*26. Let c be 1/(-4) + i/(-12). Suppose 3*q = 5*p - 89, c*p - 5*q = 1 + 62. Calculate the remainder when p is divided by 9.
7
Let q = 86 - 52. What is the remainder when q is divided by 9?
7
Suppose 2*y = -0*y + 4. Let a be 2/7 + 36/21. Suppose y*s - r - 48 = -5*r, 0 = a*s - r - 43. What is the remainder when s is divided by 12?
10
Suppose 0 = -9*p + 350 - 125. Calculate the remainder when 123 is divided by p.
23
Suppose 0 = 4*p + 2*p - 414. Calculate the remainder when p is divided by 18.
15
Let i(y) = -y + 